 Let h(m) = -2 - m**2 - 1 - x - 4*m + 1. Give h(-3).
0
Let x(p) be the third derivative of p**5/60 - p**4/24 - p**3/2 - p**2. Let n be 5 + (-2 - -3) - 3. Give x(n).
3
Let d = -32 + 38. Let w(m) = -2*m + 8. Calculate w(d).
-4
Let k(i) be the third derivative of -i**4/24 - 2*i**2. Let g be k(-2). Let t(v) = -v**3 + v + 2 - v**g + 0 + 2*v. What is t(-2)?
0
Let b(d) = -5*d**3 + d**2 - 1. Let g(t) = t**2 + 8*t - 4. Let o be g(-9). Suppose 0 = o*a - 7 + 2. Calculate b(a).
-5
Let f(c) be the second derivative of -c**4/12 + c**3/6 - 5*c**2/2 + c. Let p be (-2)/8 - (-3)/12. Suppose p = -a - a. Calculate f(a).
-5
Let t(c) = -6*c**3 - 2*c**2 + c. Let g = 7 - 6. Give t(g).
-7
Suppose 4*o = 2*o + 6. Let d(p) be the second derivative of -p**5/20 + p**4/4 + p**3/2 + p**2/2 - 2*p. Give d(o).
10
Let t(s) = s**2 - s + 1. Let y(n) = -6*n**2 + 5*n - 5. Let h(k) = 3*t(k) + y(k). Calculate h(3).
-23
Let k(r) = -r**2 + r + 1. Suppose 15 = 4*p - 9*p. Determine k(p).
-11
Suppose -5 = 65*z - 64*z. Let u(p) = p**3 + 5*p**2 + p + 4. Determine u(z).
-1
Let v(p) = p**3 - 6*p**2 + 3*p + 1. Let h(x) = -2*x - 7. Let l be h(-6). Determine v(l).
-9
Let t(m) be the third derivative of -7*m**5/60 - m**4/12 - m**3/6 + m**2. Let l(g) = g**3 - 6*g**2 - g + 5. Let c = 16 - 10. Let v be l(c). Determine t(v).
-6
Let b(z) = 7*z**2 - 3*z - 10. Let y(l) = 20*l**2 - 8*l - 29. Let c(m) = -17*b(m) + 6*y(m). Give c(-6).
14
Let o(w) = -6*w**3 - w**2 - w - 1. Let g be (-2 + 4/3)*-3. Suppose -3*x - 5 = g*x. Give o(x).
5
Let m(g) = -4 - 5*g + 2*g + 4*g - 2*g. What is m(-3)?
-1
Let g = 0 - -2. Let j(y) = 6 + 2*y**g + 2*y**2 - 5*y - 3*y**2. Let n(o) = -o + 1. Let s be n(-3). Calculate j(s).
2
Let x(b) = -b**2 - 7*b + 1. Let l(w) = w**2 + 11*w - 2. Let j(g) = -5*l(g) - 8*x(g). Calculate j(2).
16
Let x(l) = 0*l**2 + 0*l - 16*l**2 + 0*l. Let d = -34 - -33. Give x(d).
-16
Let n be (20/2)/(-1 - -3). Let m(k) = -k**2 + 3 + n*k**2 - k**3 - 2. Determine m(4).
1
Let n(o) = -13*o**2 + 13*o - 4. Let j be ((-45)/(-20))/(2/(-8)). Let q(u) = -3*u**2 + 3*u - 1. Let l(z) = j*q(z) + 2*n(z). Give l(-3).
13
Suppose 2*d = -8 - 2. Let r(c) = c**2 + 2*c - 7. Determine r(d).
8
Suppose 0 = 2*h - a - 4*a + 2, -2*h - 4*a + 34 = 0. Suppose -2*p + 5*z - 5 = 0, -4*z + h*z - 5 = 0. Let c(x) = p*x + 0 + 1 + x. What is c(-3)?
-2
Let d(n) = n - 10. Let x(a) = a**2 - 8*a - 14. Let r be x(10). Give d(r).
-4
Let j(u) = -2*u**2 - 10*u + 3*u**2 + 4*u. Let o be j(6). Let n(p) be the first derivative of p**3/3 - p**2/2 + 2*p - 1. Determine n(o).
2
Let t be (-1 + -11)*24/(-36). Let b(p) = -5*p - 9 + t - 5*p**2 + p**3 - 3. Determine b(6).
2
Let w(f) = f + 9. Let h be w(-7). Suppose h*s - k + 1 = 0, 0*s + 21 = -3*s - 5*k. Let a(g) = g**3 + g**2 + 4*g + 3. Calculate a(s).
-9
Let z(i) = 5*i**3 + 8*i**2 - 7*i - 4. Let h(y) = 6*y**3 + 9*y**2 - 8*y - 5. Let m(x) = 4*h(x) - 5*z(x). Calculate m(-4).
-12
Let v(n) = n**3 + n + 0*n + 2*n**2 - 2 - 2*n**3 + 0*n**2. Give v(2).
0
Let h(m) = m**2 - m - 2. Suppose -i - 12 = -4*i. Let n = -6 + i. Calculate h(n).
4
Let u(l) = 12 + 0*l - 9 + l - 7. What is u(4)?
0
Let p(q) = q**2 + q - 4. Let x be (3 + 0)*((-2)/1 + 1). Calculate p(x).
2
Suppose 5*u + 4*d = 19, -3*u = -4*d - 2 - 3. Let b(t) = -5*t + 3*t + 3 + u*t. What is b(-5)?
-2
Let n(p) be the first derivative of p**6/120 + p**5/12 - p**3 - p**2 + 1. Let v(d) be the second derivative of n(d). Calculate v(-5).
-6
Let n(o) = -o**3 - 6*o**2 - 6*o - 2. Let z be n(-4). Let x(t) = -t - 12. Determine x(z).
-2
Let w(h) = h**2 - 4*h + 1. Let o(g) = -3*g**3 - 2*g**2 - 2*g - 1. Suppose -l - 2 = -1. Let f be o(l). What is w(f)?
-3
Let x(a) = a**2 + 3*a**2 - 3*a**2 + 12*a**3 + 1 - 3*a + 4*a. Give x(-1).
-11
Let q = 1 - 1. Suppose q = i - 3*b + 7, 2*b + 0*b = 4*i - 2. Let k(z) be the first derivative of -z**3/3 + z**2 - 2*z + 78. Calculate k(i).
-2
Let b(i) = -3*i + 6. Suppose -10*m = -3*m - 28. What is b(m)?
-6
Let o(y) = y**3 + 8*y**2 + 9*y + 6. Suppose 0*m - 33 = 3*m - 3*x, -2*m - 2 = 3*x. Calculate o(m).
-8
Suppose 3 = -x - 1, 3*v + 4*x + 13 = 0. Suppose 2*p - 4*f - 11 = v, f = 0. Let s(c) = c**3 - 5*c**2 - 7*c + 6. What is s(p)?
0
Let q(i) = 3*i**2 + 12*i + 11. Let v(h) = 3*h**2 + 13*h + 12. Let b(l) = 6*q(l) - 5*v(l). Calculate b(-4).
26
Let i(d) = 3*d**2 - 1. Suppose 5*r - 3*r + 15 = 3*q, -5*q + 25 = -4*r. Let g = -4 + q. Give i(g).
2
Let s(b) = -b**3 + 6*b**2 + b - 8. Let v(y) = -2*y - 8. Let j be v(-6). Suppose 4*m + 16 = 2*u, -j*u - 3*m = -11 - 10. What is s(u)?
-2
Let f(s) = -2 - 5*s**2 - 7 + 13*s - 5*s + 4*s**2. Calculate f(7).
-2
Let n(m) = 7*m - 10. Let j(x) = -6*x + 9. Let r(k) = -6*j(k) - 5*n(k). What is r(2)?
-2
Let x(m) = -m**3 + 6*m**2 - 5*m + 3. Let w be x(5). Suppose -w*n - 3 + 0 = 0. Let f(q) = -5*q**3 + 1. Give f(n).
6
Suppose 6*b = b + 60. Let z = 32 - b. Suppose -z = -4*d - d. Let v(h) = h**3 - 4*h**2. Determine v(d).
0
Let l(j) = -j**3 + 6*j**2 + 4*j - 2. Let x = -4 - -2. Let h(k) = -k - 2*k**2 - 2 + k**2 + k**3 + 3. Let i(w) = x*h(w) - l(w). Give i(-3).
-3
Let d(u) = -4*u**2 + 2 - u**2 + 2*u - u**3 + 2*u**3. Let c be 15/20 + -1 + (-51)/(-12). Determine d(c).
-6
Let p(z) = 20*z**2 + z - 3. Let j(d) = -1. Let v(m) = 4*j(m) - p(m). What is v(-1)?
-20
Suppose -4*t = 2*o - 26, o + 5*t - 39 + 11 = 0. Suppose -5*k - 5 = -30. Let m(s) = -o*s**2 - 3*s**2 + 13*s**3 - 12*s**3 + 6 + k*s. What is m(5)?
6
Suppose -l = v + 5, -4*v = -9*l + 4*l - 16. Let h(b) be the second derivative of -b**5/20 - 5*b**4/12 - 5*b**3/6 + b**2/2 - 2*b. Determine h(l).
5
Let r(j) = -3*j - 7. Let s = -40 - -34. Give r(s).
11
Let c be -1*(-2 + 4 + -1). Let p be (c - -1) + (1 - -4). Let b(u) = u**2 - 7*u + 6. Determine b(p).
-4
Let n(q) = 0*q + 5 + 11*q**3 - 10*q**3 - 6*q**2 + 5*q. Determine n(5).
5
Let m(k) = k**2 - 2*k + 2*k**2 + 0*k**2. Let r(h) = 5*h**2 - 5*h - 1. Let q(o) = 7*m(o) - 4*r(o). Suppose 5 = x - 3*u, -x - 4*x = -3*u + 11. Give q(x).
-4
Let b(w) be the first derivative of w**7/840 + w**6/120 + w**3/3 - 2. Let o(j) be the third derivative of b(j). Calculate o(-3).
0
Let t(b) = -2*b**3 + b + 1. Let c(n) = -n + 3. Let p be c(5). What is t(p)?
15
Let k(y) = -2*y - 2. Suppose 0 = -6*l + 3 - 21. Calculate k(l).
4
Suppose 3*f - 10 = -5*g, -f - g + 2 = -3*f. Let a(v) = -v**2 + v + 12. Determine a(f).
12
Suppose v - 7 = -2. Suppose 0 = -v*q - 2*l + 8, -2*q + q + 5*l + 7 = 0. Let y(s) = s + 1. Calculate y(q).
3
Suppose o + 0*o + 4*h + 7 = 0, -5*h = 2*o + 11. Let x(q) = 3. Let m(c) = c + 3. Let d(z) = 3*m(z) - 2*x(z). Determine d(o).
-6
Let g(o) = -o**3 - 16*o**2 + 16*o - 20. Let d be g(-17). Let z(u) = u**3 + 4*u**2 - 2. Calculate z(d).
7
Let g(z) = 2*z. Suppose -5*s + 9 = a - 10, -2*a - 5*s + 28 = 0. Let y = -8 + a. What is g(y)?
2
Let i = -461 + 464. Let r(o) be the first derivative of o**3/3 - 3*o**2 - o - 1. Determine r(i).
-10
Let y(c) = c**3 + c**2 + c - 1. Let x(h) = -3*h**3 - 5*h**2 - 3*h + 3. Let p(o) = x(o) + 2*y(o). Calculate p(-3).
4
Suppose -5*w - 7 = -4*b, -b - 2 = -2*w - 6. Let r(s) = 1. Let j(q) = q + 1. Let t = 5 - 9. Let o(m) = t*j(m) + r(m). Calculate o(b).
5
Suppose -3*z + 4 = -2. Let f(o) = 4 - 4 - o + 0*o**2 + o**z - 3. What is f(0)?
-3
Suppose 0 = -10*c + 7*c + 9. Let m(q) = q**3 - 4*q**2 + q + 3. Calculate m(c).
-3
Let a be 9 - 0 - 5/5. Suppose 7 + 6 = -5*i + 2*m, 2 = -2*m. Let j be i + a - (-1)/(-1). Let w(l) = l**3 - 4*l**2 - l - 5. Calculate w(j).
-9
Let r(u) be the second derivative of -5*u**3/6 - u**2/2 - 3*u. Let n(d) = d - 8. Let q be n(7). Give r(q).
4
Let p(m) be the second derivative of 1/6*m**3 - 1/10*m**5 + 0 + 1/24*m**4 - 1/2*m**2 - 2*m. Let h(g) be the first derivative of p(g). What is h(-1)?
-6
Let p(o) = -o**2 + 5*o + 3. Let j(c) = c**3 + 2*c**2 - 5*c - 4. Let d be j(-3). Suppose 5*l - 32 = -d. Determine p(l).
-3
Let j(b) = -b**3 + 5*b**2 + 6*b - 5. Let m = -11 + 17. Calculate j(m).
-5
Let r(n) = -3*n**2 - 1. Let x(c) = 16*c**2 + c + 6. Let s(j) = 11*r(j) + 2*x(j). Determine s(-2).
-7
Suppose -4*r = -4*d + 16, -d - 5*r + 0*r = 2. Let f(y) be the second derivative of -y**5/20 + y**4/3 - y**3/3 + y**2/2 - y. Determine f(d).
4
Suppose 0 = -2*o + 6*o + 16. Let i(z) = -z - 5. Calculate i(o).
-1
Let y(a) be the second derivative of -a**3/6 - 13*a**2/2 + 8*a. What is y(-12)?
-1
Let x(q) = -q**2 - 11*q - 7. Let o be x(-9). Let r(u) = u - 18